51054122.
2, 3, 25175687
List the prime factors of 4491467292.
2, 3, 13, 251, 457
What are the prime factors of 168884791?
23, 7342817
List the prime factors of 115258295.
5, 23051659
What are the prime factors of 164976104?
2, 859, 24007
What are the prime factors of 179423145?
3, 5, 11, 29, 431
List the prime factors of 74954536.
2, 9369317
List the prime factors of 35895589.
503, 71363
List the prime factors of 75120939.
3, 313, 2963
List the prime factors of 4443777.
3, 13, 19, 1999
What are the prime factors of 1978405555?
5, 7, 179, 457, 691
What are the prime factors of 817149797?
817149797
List the prime factors of 411289898.
2, 613, 335473
List the prime factors of 3616310767.
109, 33177163
List the prime factors of 175835661.
3, 58611887
What are the prime factors of 73032307?
73032307
List the prime factors of 1715338237.
13903, 123379
List the prime factors of 3790001062.
2, 53, 35754727
What are the prime factors of 12498754?
2, 1063, 5879
List the prime factors of 160455278.
2, 4177, 19207
List the prime factors of 47178681.
3, 11, 23, 61, 1019
List the prime factors of 94477194.
2, 3, 7, 17, 6301
What are the prime factors of 920968353?
3, 17, 503, 3989
List the prime factors of 633871809.
3, 17, 1117, 3709
What are the prime factors of 20705085?
3, 5, 153371
List the prime factors of 2131624195.
5, 15527, 27457
List the prime factors of 1566448897.
13, 4993, 24133
What are the prime factors of 285773503?
419, 682037
What are the prime factors of 186576549?
3, 62192183
What are the prime factors of 204832877?
89, 2301493
List the prime factors of 217072634.
2, 101, 1074617
List the prime factors of 1571939071.
23, 127, 538151
What are the prime factors of 78770110?
2, 5, 79, 99709
List the prime factors of 20846592.
2, 3, 13, 29
What are the prime factors of 51413671?
23, 2235377
What are the prime factors of 195401681?
19, 29, 67, 79
What are the prime factors of 1780090695?
3, 5, 113, 116689
List the prime factors of 213004582.
2, 7, 307, 49559
What are the prime factors of 118322389?
467, 253367
What are the prime factors of 5424920723?
37, 3911, 37489
What are the prime factors of 29834034?
2, 3, 79, 113, 557
What are the prime factors of 30837261?
3, 7, 13, 8689
List the prime factors of 799536999.
3, 266512333
List the prime factors of 3421360309.
1327, 2578267
List the prime factors of 43870240.
2, 5, 19, 14431
What are the prime factors of 16429949?
673, 24413
List the prime factors of 3478110537.
3, 11, 105397289
List the prime factors of 20440224.
2, 3, 7, 10139
What are the prime factors of 108770511?
3, 73, 496669
List the prime factors of 1434621123.
3, 13, 1439, 8521
What are the prime factors of 23364162?
2, 3, 239, 5431
What are the prime factors of 203449232?
2, 7, 1816511
List the prime factors of 1211531652.
2, 3, 73, 461009
List the prime factors of 59937946.
2, 29968973
What are the prime factors of 28856012?
2, 463, 15581
List the prime factors of 364675307.
364675307
List the prime factors of 33808486.
2, 19, 889697
List the prime factors of 12390507.
3, 1376723
List the prime factors of 858453424.
2, 53653339
List the prime factors of 576039077.
576039077
List the prime factors of 1219637147.
6323, 192889
What are the prime factors of 772853805?
3, 5, 97, 103, 191
What are the prime factors of 7124289723?
3, 19, 1187, 35099
What are the prime factors of 132553311?
3, 11, 883, 4549
What are the prime factors of 108899299?
108899299
What are the prime factors of 401040302?
2, 13, 17, 907331
What are the prime factors of 5813900989?
13, 34401781
List the prime factors of 260093758.
2, 130046879
What are the prime factors of 107501734?
2, 19, 2828993
List the prime factors of 53297600.
2, 5, 33311
What are the prime factors of 2949609192?
2, 3, 479, 256577
What are the prime factors of 186819837?
3, 19, 3277541
List the prime factors of 259338990.
2, 3, 5, 8644633
List the prime factors of 706709510.
2, 5, 13, 79, 68813
What are the prime factors of 5254323553?
41, 43, 157, 463
What are the prime factors of 52164526?
2, 26082263
List the prime factors of 128106040.
2, 5, 317, 10103
List the prime factors of 635684186.
2, 1303, 243931
What are the prime factors of 37980320?
2, 5, 7, 33911
List the prime factors of 1943345076.
2, 3, 61, 349, 7607
What are the prime factors of 4948492534?
2, 79, 31319573
What are the prime factors of 717546207?
3, 7, 41, 677, 1231
What are the prime factors of 326840650?
2, 5, 6536813
List the prime factors of 2869249643.
13, 197, 1120363
List the prime factors of 1791116543.
31, 97, 103, 5783
What are the prime factors of 12863616?
2, 3, 139, 241
What are the prime factors of 395029239?
3, 11, 353, 33911
What are the prime factors of 6601981360?
2, 5, 13, 6348059
List the prime factors of 1053731054.
2, 53, 9940859
List the prime factors of 1922926.
2, 139, 6917
List the prime factors of 17414598.
2, 3, 2902433
What are the prime factors of 3523903916?
2, 13, 41, 1652863
What are the prime factors of 1227929444?
2, 7, 947, 46309
List the prime factors of 66680106.
2, 3, 29, 383219
What are the prime factors of 77005144?
2, 9625643
What are the prime factors of 974379631?
31, 59, 532739
What are the prime factors of 1976668?
2, 494167
List the prime factors of 340125881.
211, 1611971
List the prime factors of 4041954376.
2, 7481, 67537
What are the prime factors of 569654507?
6301, 90407
What are the prime factors of 801492639?
3, 59, 4528207
What are the prime factors of 914731464?
2, 3, 37, 73, 103, 137
List the prime factors of 50491468.
2, 67, 188401
What are the prime factors of 454370671?
454370671
What are the prime factors of 35012378?
2, 103, 349, 487
What are the prime factors of 325891876?
2, 19, 23, 186437
What are the prime factors of 78673584?
2, 3, 11, 109, 1367
What are the prime factors of 8193261328?
2, 7, 73154119
List the prime factors of 407826712.
2, 499, 102161
List the prime factors of 1581196913.
37963, 41651
What are the prime factors of 31284743?
7, 17, 262897
List the prime factors of 993651387.
3, 61, 5429789
List the prime factors of 1140908216.
2, 7, 17, 1198433
What are the prime factors of 143369831?
11, 13033621
List the prime factors of 1301781162.
2, 3, 11, 19, 4967
List the prime factors of 279459770.
2, 5, 17, 1643881
List the prime factors of 1517648933.
1153, 1316261
List the prime factors of 1945187536.
2, 2729, 44549
What are the prime factors of 551789956?
2, 31, 4449919
List the prime factors of 948421344.
2, 3, 13, 759953
List the prime factors of 1493886713.
11, 17, 313, 25523
What are the prime factors of 29547872?
2, 923371
What are the prime factors of 3118757532?
2, 3, 11, 349, 67699
List the prime factors of 262748194.
2, 131374097
List the prime factors of 22263599.
113, 197023
What are the prime factors of 1031096263?
2179, 473197
List the prime factors of 50479641.
3, 23, 243863
What are the prime factors of 2026154976?
2, 3, 21105781
List the prime factors of 181007143.
17, 1429, 7451
List the prime factors of 65102707.
17, 883, 4337
What are the prime factors of 1320286808?
2, 3163, 52177
List the prime factors of 972502778.
2, 13, 643, 58171
What are the prime factors of 8183902997?
8183902997
What are the prime factors of 528968020?
2, 5, 7, 3778343
List the prime factors of 17396746.
2, 17, 511669
What are the prime factors of 45387794?
2, 22693897
What are the prime factors of 32854212?
2, 3, 23, 39679
What are the prime factors of 134299593?
3, 137, 36307
What are the prime factors of 36366511?
36366511
List the prime factors of 1981800073.
11, 19, 47, 18341
What are the prime factors of 1584111999?
3, 3863, 136691
List the prime factors of 532535040.
2, 3, 5, 19, 811
List the prime factors of 109800078.
2, 3, 31, 590323
What are the prime factors of 180419005?
5, 13, 29, 95713
What are the prime factors of 31802002?
2, 17, 935353
List the prime factors of 1336016871.
3, 7, 21206617
What are the prime factors of 40840483?
40840483
What are the prime factors of 2064144155?
5, 157, 2629483
List the prime factors of 120219613.
1811, 66383
List the prime factors of 1792537537.
7, 256076791
What are the prime factors of 1213162026?
2, 3, 47, 89, 48337
What are the prime factors of 584461455?
3, 5, 38964097
What are the